 factors of y.
5, 67
Let c(t) = -4*t**3 + 10*t**2 - 11*t + 2. Let h be c(7). List the prime factors of (h - 1)/((-40)/20).
479
Suppose -11225 = 3*s + 4*x - 107639, -2*s + 3*x = -64242. What are the prime factors of s?
2, 3, 5, 7, 17
Let l(k) = 96*k**2 - 10*k - 32. Let p be (-7)/(-28) + 2 + 25/(-4). What are the prime factors of l(p)?
2, 193
List the prime factors of 9/33 + (-255)/(-33) - -1031.
1039
Let j(q) = -4*q**2 - q + 4*q**2 + 5*q**2 - 2 + 3*q**3. Let b be (1 - 3/7)*(-84)/(-24). List the prime factors of j(b).
2, 5
Suppose -4*a = -2*i - 73540, -12 = -8*i + 6*i. What are the prime factors of a?
2, 4597
Let t(i) = 79*i - 26. Suppose -20 = 11*j - 64. List the prime factors of t(j).
2, 5, 29
Let v = -271 - -1789. What are the prime factors of v?
2, 3, 11, 23
Suppose 2*a - 21773 = -4*z + 7*a, 0 = 2*a + 10. What are the prime factors of z?
5437
Let c be 11/(2/((-4 - -8) + 0)). Let s be ((-24)/10)/((-6)/(-40)). Let b = c - s. What are the prime factors of b?
2, 19
Suppose 6*j - 2*j = 1176. List the prime factors of (33894/j)/(1/7).
3, 269
Let t(u) = -5*u + 52. Let s = -59 + 58. Let g be (s/2 - -1)*0. List the prime factors of t(g).
2, 13
Suppose x + 65 = 6*x. Let a = -17 + x. List the prime factors of (0 + -200)/((a + 3)*1).
2, 5
Suppose 171*z - w + 46020 = 176*z, -2*z + 4*w = -18430. What are the prime factors of z?
5, 7, 263
Suppose -92*g + 469573 = -380231. List the prime factors of g.
3, 3079
Suppose -3*y + 5*y + 2*d = 206, y + 5*d - 111 = 0. Let f be (0 - (-1 - 0)) + y. Suppose f = 2*x + x. What are the prime factors of x?
2, 17
Let w = 6110 - -15920. What are the prime factors of w?
2, 5, 2203
Let f = -5300 + 5366. What are the prime factors of f?
2, 3, 11
What are the prime factors of (-3682645)/(-55) - (-36)/(-198)?
3, 11, 2029
Let l be 7 - ((-22)/33 - (-8)/3). Suppose -4*i + 6*i - 5*f - 934 = 0, -l*i + 2350 = -5*f. List the prime factors of i.
2, 59
Let m(j) = -807*j - 222. List the prime factors of m(-10).
2, 3, 109
What are the prime factors of ((-15633)/54)/(6/(-248))?
2, 31, 193
Let c(o) = -o**2 - 34762 + 17379 + 17391 + o**3. Suppose 0 = l - 4*l + 2*t + 18, 5*t - 1 = -4*l. List the prime factors of c(l).
2, 7
Let r = -306 - -298. List the prime factors of (12/r)/(3/(-446)).
223
Let o = -654 - -642. List the prime factors of o - -3 - (-340 - -6).
5, 13
Let i(y) = -926*y**3 + 38*y**2 + 63*y - 6. List the prime factors of i(-3).
3, 83, 101
Let o = 61 + -48. Suppose -1 = -r + 4*c, 0*r + o = -4*r - c. List the prime factors of 20/4 + r - -83.
5, 17
Let s be (-4)/32*10*-4. Let f be -2*(36/(-54) - (-2770)/(-12)). Suppose 4*m + s*r = f, 2*m + 2*r = 6*m - 498. What are the prime factors of m?
2, 61
Let s(d) = -3*d**2 + 9*d. Let q be s(3). Suppose q = -5*n - 4*z + 4777, 0 = 5*n - 3*n - 3*z - 1920. Suppose n = m + 10*m. List the prime factors of m.
3, 29
Let f = -195 + 6076. What are the prime factors of f?
5881
Let u = 53296 + -21850. What are the prime factors of u?
2, 3, 1747
Let n be 11/2 + (-7)/14. Suppose a = 138 + 50. Suppose -47 = -n*x + a. What are the prime factors of x?
47
Let i(m) = -m**2 - 15*m. Let g be i(-7). Suppose -3*p + p - w = -g, 2*w = -p + 25. Let f = -20 + p. List the prime factors of f.
3
Let g(p) = -83*p + 5. Let v(r) = 83*r - 5. Let z(u) = -5*g(u) - 4*v(u). Let y be z(3). Let i = y - 148. What are the prime factors of i?
2, 3
Suppose 3*l - 37 = -5*y, 0 = -4*l - 4*y - 33 + 69. Suppose -d - 2 = 0, 2*i - 778 = -i - l*d. What are the prime factors of i?
2, 131
Let m(h) = -287*h**3 + 40*h**2 + 21*h + 15. List the prime factors of m(-5).
5, 7, 1051
Suppose -8*u = -14 + 190. Let i = u + 202. List the prime factors of i.
2, 3, 5
Let u = -822 - -505. Let l = -141 - u. What are the prime factors of l?
2, 11
Let a(h) = -h**2 + 33*h + 117. Let r be a(-3). Suppose -17784 = r*w - 21*w. What are the prime factors of w?
2, 3, 13, 19
Suppose 115*z + 419967 = 1479922. What are the prime factors of z?
13, 709
Suppose -k + n + 85 = 263, 4*k = -4*n - 704. What are the prime factors of -4 + (-1 - -3) - (1 + k)?
2, 3, 29
What are the prime factors of 112/42 - (-60924)/36?
3, 5, 113
Let k(d) = -3*d**2 - 34*d + 5. Let f(s) = 5*s**2 + 51*s - 8. Let t(x) = -5*f(x) - 8*k(x). Let r be t(13). Suppose -r = -q + 43. What are the prime factors of q?
5, 19
Let x = 29 + -46. Let i = 131 + x. Let m = -34 + i. List the prime factors of m.
2, 5
What are the prime factors of ((-15)/(-21) - (-54)/42)*1691?
2, 19, 89
Let y = 30246 - 19842. List the prime factors of y.
2, 3, 17
Let z(b) = -5753*b + 129. What are the prime factors of z(-4)?
73, 317
Let p = 24547 - 4359. What are the prime factors of p?
2, 7, 103
Let q be (3 - -2 - 3) + 0. Let z(l) = -1 - 7*l**3 - 86*l**3 + 2*l**q - l - 2 + 1. List the prime factors of z(-1).
2, 47
Let w = -15362 - -37230. List the prime factors of w.
2, 7, 11, 71
Suppose -2*z + z + 41 = n, 166 = 4*n + 2*z. Let x = n + -25. Suppose x*b - 11*b - 474 = 0. What are the prime factors of b?
79
Suppose -w + 5*b + 283 = 0, -2*b = 3*w + 2*b - 754. List the prime factors of 0 - (-2*w - -5).
7, 73
Let v(t) = t**2 - 374*t + 572. List the prime factors of v(-59).
26119
Suppose -t = -4*z - 21033, -1022*t - z - 105146 = -1027*t. List the prime factors of t.
17, 1237
What are the prime factors of (-4*846/8)/(2/(-36))?
2, 3, 47
Let h(n) be the third derivative of -5*n**4/24 - 25*n**3/3 + 185*n**2. List the prime factors of h(-11).
5
Let j be (-16)/28 - 156/(-28). Suppose -23 = -j*c + l - 6, -l = -c + 5. Suppose c*w - 402 = -9. List the prime factors of w.
131
Let d(q) = 14*q - 100. Let s be d(-29). Let x = -242 - s. What are the prime factors of x?
2, 3, 11
Let o = 35 - -8. Suppose 3*q - 2*d = 126, 1 - o = -q + d. What are the prime factors of -1 + (-10)/(-5) + q?
43
Suppose 4 = 45*r - 43*r. Suppose r*i + q - 3*q = 266, 0 = -2*i + q + 262. List the prime factors of i.
3, 43
Suppose -3*y + 16*z - 18*z + 351 = 0, -2*y + 234 = -3*z. Suppose -12 = -3*a, -5*a = -2*s + 501 + y. List the prime factors of s.
11, 29
Let a be (0 + 8595/6)*(-252)/(-70). Suppose 322*x = 313*x + a. List the prime factors of x.
3, 191
Let k = 6309 + -2605. List the prime factors of k.
2, 463
Let q(r) = 4*r**2 - 9*r + 14. Let k be q(6). Let h = 104 - k. Suppose -3*o + 131 = -4*v + 33, h = 4*o - 4*v - 132. List the prime factors of o.
2, 17
Let n be 3/4*(-4 - 12). What are the prime factors of n/(-66) - 6816/(-22)?
2, 5, 31
Let b be (-3)/(15/35) + 63. Suppose 4*m = -5*g + 1284, -254 = -m - 4*g + b. List the prime factors of m.
2, 163
Suppose q = 4*u + 5 + 11, 14 = 2*q - 2*u. Suppose q + 59 = 3*b. List the prime factors of 2/7 + 1317/b.
3, 7
List the prime factors of (155/(-31) - 40538/(-2)) + -2.
2, 3, 11, 307
Suppose 4*u - 21232 = -5*m, -10*m + 16964 = -6*m - 4*u. List the prime factors of m.
2, 1061
Let b(w) = w**3 - 7*w**2 - 8*w + 49. Suppose 4*r + 5*l = 27, -12 = -r + 4*l - 0. What are the prime factors of b(r)?
7
Let o = 963 - -814. What are the prime factors of o?
1777
Let y be 1/(-2)*52/39 + 1160/(-24). Let i(z) = z**3 - 4*z**2 + 8*z - 7. Let m be i(5). Let r = m - y. What are the prime factors of r?
107
Suppose 0 = 5*s + 3*d + 163, s - d + 13 + 18 = 0. Let x = s - -492. What are the prime factors of x?
2, 5, 23
Suppose p + 2*y - 4439 = 0, -5*p + 11*y = 7*y - 22167. Suppose -34*w + 18583 = -p. List the prime factors of w.
677
Suppose -20 = -8*j + 20. Suppose -7*l + 2*l - j = -5*b, -5*l - 3*b = -3. Suppose -77 = -l*x - x - 5*a, -4*x = 4*a - 372. List the prime factors of x.
97
Let c(y) = -1833*y - 653. What are the prime factors of c(-2)?
23, 131
Suppose 26*k = -19*k + 1530. Suppose 2*s = -4, -32*b - s = -k*b + 1180. List the prime factors of b.
19, 31
Let y(f) = 22*f**2 + 20*f - 18. Let j be y(7). Suppose -j = -39*h + 35*h. What are the prime factors of h?
2, 3, 5
Let r(q) = 42*q**2 + 21*q + 28. Let g be r(-8). Let u = g - 1419. What are the prime factors of u?
1129
Let w be ((-96)/(-10))/(-10 + 304/30). Suppose -4*s + 5012 = w. List the prime factors of s.
5, 13, 19
Let r be -1 - (-1660)/24 - 7/42. What are the prime factors of (-2)/(-8) + 73831/r?
2, 3, 181
What are the prime factors of 2*(-7)/(-98)*76699?
10957
Let g(v) = -v**3 + 11*v**2 + 19*v - 12. Let u be g(11). Suppose 6*j = -u + 8273. What are the prime factors of j?
2, 673
Suppose 21*m = 368173 + 10922